 is the highest common divisor of 31675 and 364525?
175
Calculate the greatest common divisor of 1965732 and 156.
12
Calculate the highest common divisor of 14690 and 2188316.
26
What is the highest common factor of 440 and 7129067?
11
Calculate the highest common factor of 5077 and 2249735471.
5077
What is the greatest common factor of 97200 and 321600?
1200
Calculate the highest common factor of 86 and 22854543.
43
Calculate the greatest common divisor of 1659174 and 92.
46
What is the highest common divisor of 3155 and 8746922?
631
Calculate the highest common divisor of 1490 and 113296024.
298
Calculate the highest common divisor of 14472219 and 51.
51
What is the highest common factor of 20858677 and 357?
119
Calculate the highest common divisor of 9614968 and 94424.
3256
Calculate the greatest common divisor of 282504159 and 27.
27
Calculate the highest common divisor of 3625644 and 12939.
681
Calculate the greatest common divisor of 4 and 101208204.
4
What is the highest common factor of 3642 and 23064786?
3642
Calculate the greatest common divisor of 9659 and 1547.
13
What is the highest common factor of 9172723 and 224?
7
What is the greatest common divisor of 545 and 5715415?
545
What is the greatest common divisor of 2630235 and 105?
15
Calculate the greatest common divisor of 13 and 13723606.
13
Calculate the highest common divisor of 779 and 139952803.
779
Calculate the greatest common factor of 48 and 196862964.
12
Calculate the highest common divisor of 9367 and 21962309.
551
What is the greatest common factor of 17120632 and 408?
136
Calculate the highest common divisor of 278384 and 57404.
508
What is the highest common divisor of 10593 and 33491?
107
What is the highest common divisor of 32417 and 115819?
11
What is the greatest common factor of 4671348 and 1032?
516
Calculate the highest common factor of 96678400 and 10080.
1120
What is the greatest common factor of 17430 and 6690?
30
Calculate the greatest common divisor of 2988 and 9225450.
1494
Calculate the highest common factor of 9400 and 94094.
94
Calculate the greatest common factor of 61688494 and 4790.
958
Calculate the highest common divisor of 505805 and 315.
5
Calculate the highest common divisor of 53387169 and 1254.
627
What is the greatest common divisor of 5 and 1581743?
1
What is the greatest common divisor of 40158923 and 427?
427
Calculate the highest common divisor of 14 and 523517547.
7
What is the greatest common divisor of 100 and 536288140?
20
What is the greatest common factor of 3662140 and 21760?
340
What is the highest common factor of 1475 and 3099565?
295
Calculate the greatest common divisor of 22483252 and 66748.
1804
Calculate the highest common divisor of 305086 and 9505058.
2962
Calculate the greatest common divisor of 1990210 and 142.
2
Calculate the greatest common divisor of 13401553 and 37917.
4213
Calculate the greatest common divisor of 9588 and 203268.
12
Calculate the greatest common factor of 4317584 and 64.
16
Calculate the greatest common factor of 24 and 22132952.
8
Calculate the greatest common divisor of 15415261 and 717.
239
Calculate the highest common divisor of 31479004 and 20.
4
What is the highest common divisor of 66129 and 7003?
47
Calculate the highest common divisor of 1935650 and 130.
10
What is the highest common divisor of 5610 and 4950060?
510
Calculate the greatest common factor of 35514 and 34902.
18
What is the greatest common factor of 26862 and 1112958?
726
Calculate the highest common divisor of 13488343 and 176.
11
What is the highest common factor of 2451 and 3721815?
57
Calculate the greatest common factor of 50899 and 66815.
23
What is the greatest common divisor of 117957430 and 10?
10
What is the highest common divisor of 69872042 and 64909?
4993
What is the highest common factor of 18501 and 273?
21
Calculate the greatest common divisor of 16003360 and 2030.
290
Calculate the highest common divisor of 1109762 and 9841.
757
What is the highest common divisor of 2072 and 22163?
37
What is the greatest common factor of 1924 and 161145101?
481
What is the highest common factor of 67238591 and 23?
23
Calculate the greatest common factor of 9732408 and 12768.
3192
What is the greatest common divisor of 628624 and 691648?
1616
Calculate the highest common divisor of 9219730 and 52.
26
Calculate the highest common factor of 176385 and 5280.
165
What is the greatest common factor of 4517595 and 920?
5
What is the greatest common divisor of 625644 and 543?
3
What is the greatest common factor of 488421 and 27?
9
What is the highest common divisor of 303654 and 454818?
1326
What is the greatest common factor of 161792 and 22199?
79
Calculate the greatest common factor of 1640626 and 21983.
1157
Calculate the greatest common factor of 14791887 and 3069.
99
What is the greatest common divisor of 15414 and 1768158?
42
Calculate the highest common divisor of 441 and 10294557.
147
Calculate the highest common divisor of 31808 and 412064688.
7952
What is the highest common divisor of 6533469 and 1773?
9
Calculate the greatest common divisor of 224409661 and 49.
49
What is the highest common divisor of 544 and 10769041?
17
Calculate the highest common divisor of 792 and 17100288.
72
What is the greatest common factor of 3325 and 46949?
133
Calculate the highest common factor of 73811930 and 930.
310
What is the highest common factor of 44890167 and 84?
21
What is the greatest common factor of 394289 and 14329?
161
Calculate the greatest common divisor of 15837717 and 55083.
903
Calculate the highest common divisor of 14608 and 3581699.
913
What is the greatest common factor of 13865280 and 975?
195
What is the greatest common divisor of 89 and 8776824?
89
Calculate the greatest common factor of 967658 and 626.
2
Calculate the highest common divisor of 83 and 166554689.
83
What is the highest common divisor of 4476 and 11653266?
2238
Calculate the greatest common divisor of 366049 and 7391.
389
Calculate the greatest common factor of 78244 and 96348.
124
Calculate the highest common divisor of 113782062 and 1644.
822
What is the highest common factor of 8505 and 78505?
35
Calculate the greatest common divisor of 242 and 2751298.
242
Calculate the highest common factor of 13814892 and 108108.
3276
Calculate the highest common divisor of 860908269 and 109.
109
What is the highest common factor of 1352309123 and 1738?
869
Calculate the greatest common factor of 864 and 3647232.
288
What is the highest common factor of 21 and 2038797?
3
What is the highest common divisor of 43 and 2448732911?
43
What is the greatest common divisor of 326788 and 41426?
154
Calculate the greatest common divisor of 144 and 60766236.
36
What is the greatest common divisor of 699381828 and 7116?
7116
Calculate the highest common factor of 153315 and 87256677.
10221
What is the highest common divisor of 234 and 30362553?
117
What is the highest common factor of 194300 and 1299200?
2900
What is the highest common divisor of 896 and 17140352?
128
Calculate the greatest common divisor of 694341726 and 5154.
5154
What is the greatest common divisor of 5888 and 892784?
16
Calculate the highest common factor of 4805536 and 1405472.
8416
Calculate the greatest common divisor of 2369 and 68100819.
103
What is the highest common factor of 16439212 and 9682?
206
Calculate the highest common divisor of 911997 and 35136.
9
What is the highest common divisor of 66 and 16310877?
33
Calculate the highest common factor of 37125 and 107525.
275
Calculate the highest common divisor of 89189923 and 1574.
787
What is the highest common divisor of 32684274 and 7056?
882
What is the greatest common factor of 199106 and 116390?
226
What is the highest common divisor of 102579498 and 417?
417
Calculate the highest common factor of 75451626 and 72.
18
Calculate the greatest common divisor of 110018299 and 193.
193
What is the highest common divisor of 11018898 and 99?
99
Calculate the highest common factor of 548938 and 69472.
26
Calculate the highest common factor of 197840006 and 3731.
3731
What is the highest common divisor of 144 and 17323056?
144
What is the highest common factor of 570 and 8054955?
285
Calculate the highest common divisor of 72 and 3488104.
